te the greatest common divisor of c and m.
7
Let f(l) = -l**2 + 8*l + 3. Let c be f(7). Let i = -24372 + 24376. What is the greatest common divisor of c and i?
2
Let j(m) = 18*m**2 - 291*m + 46. Let d be j(17). What is the greatest common divisor of 287 and d?
7
Suppose 0 = -10*k + 8*k + 72. Suppose -9*w + 192 = -51. Calculate the highest common divisor of k and w.
9
Let v be 36/54*(-33)/(-2). Let h = v - 10. Let o = h + 13. Calculate the greatest common divisor of o and 112.
14
Suppose -34300 = 22194*y - 22229*y. What is the highest common factor of 32 and y?
4
Let u = -1644 + 3724. What is the highest common factor of 195 and u?
65
Suppose 50*m - 14799 = -7*i + 45*m, -i + 2121 = 3*m. What is the highest common factor of i and 24?
24
Let b = 161 - 95. Let f be 10440/95 - (4202/(-209) + 20). What is the highest common factor of f and b?
22
Let h = 1093 + -4381. Let x be 2/3 - h/36. Calculate the greatest common divisor of x and 46.
46
Let f = -26 + 32. Suppose -5*i + 53 = -37. Let z = i - 0. Calculate the greatest common divisor of z and f.
6
Let b(w) = 3*w**3 - 2*w - 327. Let k be b(0). Let z be (1 - 3/(-2))*(k - -329). Let y = 140 + -90. Calculate the greatest common factor of z and y.
5
Let d = 219 + -86. Let g be 57 + (-5040)/264 - 1/(-11). Calculate the highest common divisor of d and g.
19
Let y(d) = -d**3 - 11*d**2 + 9*d + 18. Let r be y(-12). Suppose 390 = 69*t - r*t. What is the highest common divisor of 273 and t?
13
Suppose -1 = 4*b - 21. Let c = b + -11. Let v be (-2)/c + -3*(-100)/18. Calculate the greatest common factor of v and 119.
17
Suppose -16 = 5*c - 13*c. Let p be (2 - (c - 2))/2. Let x = p + 19. Calculate the highest common divisor of 20 and x.
20
Suppose -378*x + 936 = -339*x. What is the highest common divisor of x and 64?
8
Let l be 214/2 - 7/21*(-2 + -7). What is the greatest common divisor of l and 605?
55
Let s(c) = -56*c**2 + 741*c - 28. Let y be s(13). What is the highest common divisor of 32007 and y?
141
Suppose 17*d - 20*d + 18 = 0. Suppose 0 = d*x - 657 - 123. Calculate the greatest common divisor of x and 10.
10
Let n(g) = 301*g**3 + 98*g**2 - 452*g - 15. Let r be n(5). What is the greatest common factor of r and 36?
36
Let i = -7095 + 8205. What is the greatest common divisor of 40 and i?
10
Let h(z) = 10*z + 5. Let b be h(-2). Let p be 213/5 - -2 - 6/b. Let i = -29 + p. What is the greatest common divisor of 4 and i?
4
Suppose 3*y = -3 + 123. Suppose -262752*n = -262623*n - 28380. Calculate the greatest common divisor of n and y.
20
Let u = 1000 - 678. Let s(x) = 3*x**3 + 96*x**2 + 396*x - 105. Let t be s(-27). What is the highest common divisor of u and t?
46
Let r be (-33)/(-66)*343*22. What is the greatest common factor of r and 154?
77
Let s = 3656 - 3624. What is the highest common factor of s and 32?
32
Let h(c) = 311*c**2 + 5*c - 3. Let y be h(2). Suppose -1017 = -6*r + y. Let n be r/12*(-2)/(-3). What is the greatest common divisor of n and 84?
21
Let u = 91 - 89. Let n be 2282/4 - ((-1)/u)/1. Suppose -4*o + c + n = -885, 2*c = 4*o - 1460. What is the greatest common divisor of 33 and o?
33
Let t(f) = 16 + 4 + 27 - 67 - 16*f. Let c be t(-3). What is the greatest common divisor of 12 and c?
4
Let o(q) = 175*q**2 - 103*q. Let w be o(13). What is the greatest common factor of 78 and w?
78
Let r be -68*(7 - 8)*21/12. Suppose -g + 5*v = 6*v - 41, r = 3*g + v. What is the highest common divisor of g and 208?
13
Let u be (10/(-4))/(1/(-4)). Suppose 3*f = 11 + u. Let r be (6/(-8))/(15/(-1260)). Calculate the greatest common factor of f and r.
7
Let k(g) = -g**3 - 120*g**2 - 683*g - 222. Let i be k(-115). Calculate the greatest common factor of 114 and i.
114
Let c be 38/20*-28*-5. Let h(d) = 704*d - 2778. Let a be h(4). Calculate the greatest common factor of c and a.
38
Let x = 19 + -11. Let o be ((-3)/(-18))/((-1)/(-6)) - -3. Suppose -12 = -o*z, 0 = -7*h + 2*h - 3*z + 29. Calculate the greatest common divisor of x and h.
4
Let h(r) = 8*r + 26. Let q be h(6). Let n(x) = 9*x + 0*x - 65 + q. Let t be n(9). Calculate the greatest common divisor of t and 10.
10
Let l(s) = 9*s - 260. Let f be l(30). Calculate the highest common divisor of 290 and f.
10
Let l(y) = 584*y + 5426. Let c be l(-9). What is the highest common divisor of 15 and c?
5
Suppose -15*w + 13 = -1202. What is the greatest common factor of w and 162?
81
Suppose -3*k - 15 = -5*d, 3*d - 5*k - 34 = -9. Suppose -3*h + 3*t - 3 = d, 13*t = h + 9*t + 16. Calculate the highest common divisor of 92 and h.
4
Let l(s) = s**2 - 20*s + 594. Let n be l(20). Suppose -144 = -4*y - 0*y. Calculate the highest common factor of n and y.
18
Suppose 4*u - 4 = 20. Let f(n) = 17 - 9 + 0*n - 6*n - u. Let x be f(-5). Calculate the greatest common factor of 80 and x.
16
Let v(h) = 2*h**3 + 14*h**2 - 13*h + 44. Let x be v(-8). What is the greatest common factor of 160 and x?
20
Let z(g) = -428*g - 1586. Let j be z(-4). Calculate the greatest common factor of 280 and j.
14
Let q be (-1 + -20)/(48/(-432)). What is the greatest common divisor of 2373 and q?
21
Let q = -218 - -221. Suppose 6*o + 4*u + 153 = 11*o, -102 = -q*o - u. Calculate the highest common divisor of o and 15.
3
Let u be (-6175)/(-13) + -2 + 9. Suppose 0 = -4*p + u + 46. Calculate the greatest common divisor of p and 48.
12
Suppose 0 = -10*h - 569 - 771. Let z = -60 - h. What is the greatest common factor of z and 222?
74
Let l = -140 - -143. Let m(a) = a**2 - 4*a + 6. Let o be m(l). Calculate the highest common divisor of 27 and o.
3
Let k = -95 + 85. Let j be (-8)/k - (-196)/5. Let q = 14 + -4. Calculate the greatest common factor of j and q.
10
Suppose j - 16*j = -1680. Calculate the highest common divisor of 301 and j.
7
Let t = 412 + -72. Suppose 32 = 3*l + 5*b - 353, -4*b = -3*l + t. What is the highest common factor of 40 and l?
40
Let w be (8/6)/(2/6). Suppose -9*l - 2*l = 13*l. Suppose t - 3*t + 42 = w*z, l = 3*z - 3. What is the greatest common divisor of 19 and t?
19
Let u be 5*(4 + (0 - -91))/1. Suppose 3739 = 16*d + u. What is the greatest common factor of d and 24?
12
Let t(d) be the third derivative of d**5/15 - d**4/24 - d**3/3 + 24*d**2. Let g be t(2). What is the highest common divisor of g and 12?
12
Suppose -24*k + 65 = -11*k. Suppose -4*i = k*j - 411, -i + 17 + 89 = -2*j. What is the greatest common divisor of 26 and i?
26
Let r = -233 + 239. Let k(v) = -7*v**2 + 42*v + 11. Let m be k(r). What is the greatest common factor of m and 187?
11
Let t(g) = g**3 + 5*g**2 - 8*g. Let d be -6 + (-1 - (-6)/6). Let v be t(d). Suppose 3*j = 24 + 12. Calculate the greatest common factor of v and j.
12
Suppose 6 = -3*z + 4*o, -4*o = -2*z - 0*z - 8. Suppose 3*b - 101 - 43 = 0. Suppose g + b = z*g. Calculate the highest common factor of g and 32.
16
Let x be 35/(-4)*(-54)/135*6. Let s be (-7)/(x/225)*-1. What is the greatest common factor of 15 and s?
15
Suppose 0 = -o - 42 + 34. Let y be (-3 - 35/(-25))*60/o. Calculate the highest common factor of 36 and y.
12
Let n be (-15)/(6*(-4)/64). Suppose 65*f + 54*f = 1138 + 1242. What is the highest common divisor of n and f?
20
Let o be (((-720)/42)/2)/((-6)/525). Suppose -6*s + o = 198. What is the greatest common factor of 115 and s?
23
Let y(s) = s**3 - 4*s**2 + 5*s - 11. Let n be y(4). Calculate the highest common divisor of 1143 and n.
9
Let v = 32 + -42. Let q be 3*19/(-2) - 5/v. Let j = 36 + q. Calculate the greatest common factor of 8 and j.
8
Suppose 0 = -c - 5*s - 734 + 5184, 2*s + 17932 = 4*c. Calculate the highest common divisor of 140 and c.
140
Let x(k) = 57*k + 1691. Let z be x(0). Calculate the highest common divisor of 445 and z.
89
Let r(f) = f**3 - 8*f**2 + 13*f + 4. Let b be r(9). Suppose b = -2*i - 576. Let u = i + 662. What is the highest common divisor of u and 39?
39
Let v = 68 - 59. Suppose 0*h = 2*g - 3*h + v, g - h = -2. Let x be ((-2)/(-6))/((-2)/(-90)). Calculate the greatest common factor of g and x.
3
Let p = 2025 + -1479. What is the greatest common divisor of 1014 and p?
78
Let s(j) = j**3 + 4*j**2 - 6*j + 4. Let g be s(-5). Suppose 109 = g*f + 19. What is the greatest common divisor of f and 320?
10
Let y be (-26)/(390/575625)*(1 + 0)*-1. Calculate the greatest common divisor of y and 125.
125
Let i = -15 + 26. Let j be 